vided by 6423.
6418
Calculate the remainder when 29387 is divided by 5779.
492
What is the remainder when 31551728 is divided by 27?
14
Calculate the remainder when 24047 is divided by 3597.
2465
What is the remainder when 4537193 is divided by 1512395?
8
What is the remainder when 4999082 is divided by 544?
266
What is the remainder when 15499893 is divided by 60077?
27
Calculate the remainder when 161094 is divided by 2301.
24
What is the remainder when 53514 is divided by 331?
223
What is the remainder when 9449137 is divided by 9449123?
14
What is the remainder when 13079793 is divided by 9485?
9463
What is the remainder when 2652093 is divided by 27?
18
What is the remainder when 90852179 is divided by 22713041?
15
What is the remainder when 23522 is divided by 5459?
1686
Calculate the remainder when 126066 is divided by 124591.
1475
What is the remainder when 29032812 is divided by 294?
18
Calculate the remainder when 153022902 is divided by 15.
12
What is the remainder when 1751831 is divided by 273?
263
Calculate the remainder when 56731 is divided by 9315.
841
What is the remainder when 44727 is divided by 1346?
309
Calculate the remainder when 39204402 is divided by 13068133.
3
Calculate the remainder when 104622493 is divided by 176.
173
What is the remainder when 25281856 is divided by 734?
694
What is the remainder when 70814 is divided by 2079?
128
What is the remainder when 9251875 is divided by 16404?
19
Calculate the remainder when 26107 is divided by 13049.
9
What is the remainder when 10563556 is divided by 98?
38
What is the remainder when 11195782 is divided by 249?
244
What is the remainder when 15529 is divided by 503?
439
What is the remainder when 29162766 is divided by 747763?
9
What is the remainder when 767758 is divided by 30?
28
What is the remainder when 60240 is divided by 59287?
953
What is the remainder when 507691 is divided by 10360?
51
What is the remainder when 3608772 is divided by 369?
321
Calculate the remainder when 50956 is divided by 117.
61
Calculate the remainder when 97493 is divided by 5129.
42
Calculate the remainder when 62902884 is divided by 788.
784
Calculate the remainder when 18300140 is divided by 93846.
170
Calculate the remainder when 2223654 is divided by 247030.
384
What is the remainder when 7396 is divided by 5952?
1444
What is the remainder when 1625383 is divided by 406337?
35
What is the remainder when 8923208 is divided by 356927?
33
What is the remainder when 2755260 is divided by 918407?
39
Calculate the remainder when 373388 is divided by 92172.
4700
What is the remainder when 846709 is divided by 13?
6
What is the remainder when 9504 is divided by 4273?
958
Calculate the remainder when 9575 is divided by 4731.
113
Calculate the remainder when 7483952 is divided by 28240.
352
What is the remainder when 453278 is divided by 20?
18
Calculate the remainder when 81754 is divided by 16142.
1044
Calculate the remainder when 135588 is divided by 3153.
9
What is the remainder when 2552144 is divided by 73?
64
What is the remainder when 860770115 is divided by 4478?
4477
What is the remainder when 98320152 is divided by 228121?
1
What is the remainder when 47560624 is divided by 2067853?
5
What is the remainder when 1795279 is divided by 1767?
7
Calculate the remainder when 254101 is divided by 1283.
67
Calculate the remainder when 826209 is divided by 992.
865
Calculate the remainder when 8920 is divided by 594.
10
What is the remainder when 79266 is divided by 11230?
656
Calculate the remainder when 515762 is divided by 1428.
254
What is the remainder when 954970 is divided by 68049?
2284
What is the remainder when 272866 is divided by 272254?
612
Calculate the remainder when 121308985 is divided by 4874.
4873
What is the remainder when 51945 is divided by 3700?
145
What is the remainder when 232711 is divided by 27?
25
Calculate the remainder when 10060 is divided by 9353.
707
Calculate the remainder when 1458938 is divided by 72.
2
Calculate the remainder when 12051810 is divided by 12051799.
11
Calculate the remainder when 1176236 is divided by 195723.
1898
Calculate the remainder when 1748343 is divided by 1980.
3
Calculate the remainder when 294474 is divided by 294389.
85
What is the remainder when 140984 is divided by 5218?
98
Calculate the remainder when 23760 is divided by 2024.
1496
Calculate the remainder when 5958 is divided by 2075.
1808
Calculate the remainder when 14764924 is divided by 35.
34
What is the remainder when 341470 is divided by 2009?
1949
Calculate the remainder when 96360 is divided by 158.
138
Calculate the remainder when 333727 is divided by 724.
687
What is the remainder when 1131034 is divided by 5490?
94
What is the remainder when 519503 is divided by 5837?
10
Calculate the remainder when 551505 is divided by 3681.
3036
What is the remainder when 74494 is divided by 14753?
729
What is the remainder when 13826086 is divided by 2579?
67
What is the remainder when 1171763 is divided by 233?
6
What is the remainder when 13110011 is divided by 23?
11
Calculate the remainder when 391289 is divided by 195605.
79
Calculate the remainder when 3667314 is divided by 305605.
54
Calculate the remainder when 9494748 is divided by 815.
813
Calculate the remainder when 368657 is divided by 1358.
639
What is the remainder when 119448 is divided by 9963?
9855
Calculate the remainder when 165894 is divided by 82827.
240
What is the remainder when 11714797 is divided by 254669?
23
Calculate the remainder when 916877 is divided by 2583.
2495
Calculate the remainder when 4500739 is divided by 250026.
271
Calculate the remainder when 74451274 is divided by 6793.
6787
Calculate the remainder when 50343162 is divided by 8390525.
12
What is the remainder when 853103 is divided by 417?
338
What is the remainder when 481994 is divided by 68838?
128
Calculate the remainder when 9927418 is divided by 7923.
7822
Calculate the remainder when 48999 is divided by 15070.
3789
Calculate the remainder when 15833922 is divided by 90.
42
What is the remainder when 908407 is divided by 2295?
1882
What is the remainder when 1325416 is divided by 2209?
16
What is the remainder when 126678815 is divided by 26?
3
What is the remainder when 3137467 is divided by 35?
32
What is the remainder when 154355642 is divided by 358?
4
Calculate the remainder when 3466087 is divided by 1237.
13
What is the remainder when 82754407 is divided by 6?
1
Calculate the remainder when 1044222 is divided by 261026.
118
What is the remainder when 2601189 is divided by 33?
30
What is the remainder when 301464 is divided by 43032?
240
Calculate the remainder when 18056963 is divided by 313.
306
Calculate the remainder when 38489 is divided by 5717.
4187
Calculate the remainder when 2948835 is divided by 2499.
15
What is the remainder when 294082437 is divided by 147041216?
5
What is the remainder when 309614 is divided by 23787?
383
Calculate the remainder when 867679 is divided by 406.
57
Calculate the remainder when 2828475 is divided by 942777.
144
What is the remainder when 34764 is divided by 17340?
84
What is the remainder when 7656846 is divided by 11411?
65
What is the remainder when 6121114 is divided by 10853?
22
Calculate the remainder when 57370430 is divided by 28.
26
What is the remainder when 3264 is divided by 1993?
1271
What is the remainder when 357109 is divided by 541?
49
Calculate the remainder when 1168240 is divided by 68715.
85
Calculate the remainder when 1574990 is divided by 777.
11
Calculate the remainder when 263436 is divided by 972.
24
Calculate the remainder when 150739 is divided by 5105.
2694
What is the remainder when 133889303 is divided by 465?
458
What is the remainder when 29119373 is divided by 298?
5
What is the remainder when 206561 is divided by 9815?
446
What is the remainder when 2401283 is divided by 2401189?
94
What is the remainder when 507769262 is divided by 681?
680
Calculate the remainder when 7863447 is divided by 66.
9
What is the remainder when 226017 is divided by 919?
862
Calculate the remainder when 294407 is divided by 16352.
71
Calculate the remainder when 22940 is divided by 159.
44
Calculate the remainder when 44555 is divided by 1975.
1105
What is 